[INFO] cloning repository https://github.com/PlasmaPower/railroad
[INFO] running `Command { std: "git" "-c" "credential.helper=" "-c" "credential.helper=/workspace/cargo-home/bin/git-credential-null" "clone" "--bare" "https://github.com/PlasmaPower/railroad" "/workspace/cache/git-repos/https%3A%2F%2Fgithub.com%2FPlasmaPower%2Frailroad", kill_on_drop: false }`
[INFO] [stderr] Cloning into bare repository '/workspace/cache/git-repos/https%3A%2F%2Fgithub.com%2FPlasmaPower%2Frailroad'...
[INFO] running `Command { std: "git" "rev-parse" "HEAD", kill_on_drop: false }`
[INFO] [stdout] ddc7175716e97dab84618699c4346ba33d2d89ce
[INFO] checking PlasmaPower/railroad against try#72f88fc4e9458f89516a0b8b0868f3718aec5b47 for pr-74989
[INFO] running `Command { std: "git" "clone" "/workspace/cache/git-repos/https%3A%2F%2Fgithub.com%2FPlasmaPower%2Frailroad" "/workspace/builds/worker-14/source", kill_on_drop: false }`
[INFO] [stderr] Cloning into '/workspace/builds/worker-14/source'...
[INFO] [stderr] done.
[INFO] validating manifest of git repo https://github.com/PlasmaPower/railroad on toolchain 72f88fc4e9458f89516a0b8b0868f3718aec5b47
[INFO] running `Command { std: "/workspace/cargo-home/bin/cargo" "+72f88fc4e9458f89516a0b8b0868f3718aec5b47" "read-manifest" "--manifest-path" "Cargo.toml", kill_on_drop: false }`
[INFO] started tweaking git repo https://github.com/PlasmaPower/railroad
[INFO] removed workspace from git repo https://github.com/PlasmaPower/railroad
[INFO] removed path dependency nanocurrency-peering from git repo https://github.com/PlasmaPower/railroad
[INFO] removed path dependency nanocurrency-types from git repo https://github.com/PlasmaPower/railroad
[INFO] finished tweaking git repo https://github.com/PlasmaPower/railroad
[INFO] tweaked toml for git repo https://github.com/PlasmaPower/railroad written to /workspace/builds/worker-14/source/Cargo.toml
[INFO] crate git repo https://github.com/PlasmaPower/railroad already has a lockfile, it will not be regenerated
[INFO] running `Command { std: "/workspace/cargo-home/bin/cargo" "+72f88fc4e9458f89516a0b8b0868f3718aec5b47" "fetch" "--locked" "--manifest-path" "Cargo.toml", kill_on_drop: false }`
[INFO] [stderr] warning: dependency (nanocurrency-peering) specified without providing a local path, Git repository, or version to use. This will be considered an error in future versions
[INFO] [stderr] warning: dependency (nanocurrency-types) specified without providing a local path, Git repository, or version to use. This will be considered an error in future versions
[INFO] [stderr]     Updating crates.io index
[INFO] [stderr] error: the lock file /workspace/builds/worker-14/source/Cargo.lock needs to be updated but --locked was passed to prevent this
[INFO] [stderr] If you want to try to generate the lock file without accessing the network, use the --offline flag.
[INFO] the lockfile is outdated, regenerating it
[INFO] running `Command { std: "/workspace/cargo-home/bin/cargo" "+72f88fc4e9458f89516a0b8b0868f3718aec5b47" "generate-lockfile" "--manifest-path" "Cargo.toml" "-Zno-index-update", kill_on_drop: false }`
[INFO] [stderr]     Blocking waiting for file lock on package cache
[INFO] running `Command { std: "/workspace/cargo-home/bin/cargo" "+72f88fc4e9458f89516a0b8b0868f3718aec5b47" "fetch" "--locked" "--manifest-path" "Cargo.toml", kill_on_drop: false }`
[INFO] [stderr] warning: dependency (nanocurrency-peering) specified without providing a local path, Git repository, or version to use. This will be considered an error in future versions
[INFO] [stderr] warning: dependency (nanocurrency-types) specified without providing a local path, Git repository, or version to use. This will be considered an error in future versions
[INFO] [stderr]     Blocking waiting for file lock on package cache
[INFO] [stderr]  Downloading crates ...
[INFO] [stderr]   Downloaded nanocurrency-peering v0.6.0
[INFO] [stderr]   Downloaded nanocurrency-types v0.3.19
[INFO] [stderr]   Downloaded ed25519-dalek v0.9.1
[INFO] [stderr]   Downloaded curve25519-dalek v1.2.4
[INFO] [stderr]   Downloaded nanocurrency-protocol v0.5.1
[INFO] [stderr]   Downloaded nanocurrency-types v0.4.0
[INFO] running `Command { std: "docker" "create" "-v" "/var/lib/crater-agent-workspace/builds/worker-14/target:/opt/rustwide/target:rw,Z" "-v" "/var/lib/crater-agent-workspace/builds/worker-14/source:/opt/rustwide/workdir:ro,Z" "-v" "/var/lib/crater-agent-workspace/cargo-home:/opt/rustwide/cargo-home:ro,Z" "-v" "/var/lib/crater-agent-workspace/rustup-home:/opt/rustwide/rustup-home:ro,Z" "-e" "SOURCE_DIR=/opt/rustwide/workdir" "-e" "CARGO_TARGET_DIR=/opt/rustwide/target" "-e" "CARGO_HOME=/opt/rustwide/cargo-home" "-e" "RUSTUP_HOME=/opt/rustwide/rustup-home" "-w" "/opt/rustwide/workdir" "-m" "1610612736" "--user" "0:0" "--network" "none" "rustops/crates-build-env@sha256:d92eaeed33fa75130ca1ee6c8a01d1ffb62bac859dfdfb3450e3e5d1c0146529" "/opt/rustwide/cargo-home/bin/cargo" "+72f88fc4e9458f89516a0b8b0868f3718aec5b47" "metadata" "--no-deps" "--format-version=1", kill_on_drop: false }`
[INFO] [stdout] 8e0cc1f4e2f136154c7628139b6e27e8feb0484b65911bc1cde4d37ba0bb436f
[INFO] [stderr] WARNING: Your kernel does not support swap limit capabilities or the cgroup is not mounted. Memory limited without swap.
[INFO] running `Command { std: "docker" "start" "-a" "8e0cc1f4e2f136154c7628139b6e27e8feb0484b65911bc1cde4d37ba0bb436f", kill_on_drop: false }`
[INFO] running `Command { std: "docker" "inspect" "8e0cc1f4e2f136154c7628139b6e27e8feb0484b65911bc1cde4d37ba0bb436f", kill_on_drop: false }`
[INFO] running `Command { std: "docker" "rm" "-f" "8e0cc1f4e2f136154c7628139b6e27e8feb0484b65911bc1cde4d37ba0bb436f", kill_on_drop: false }`
[INFO] [stdout] 8e0cc1f4e2f136154c7628139b6e27e8feb0484b65911bc1cde4d37ba0bb436f
[INFO] running `Command { std: "docker" "create" "-v" "/var/lib/crater-agent-workspace/builds/worker-14/target:/opt/rustwide/target:rw,Z" "-v" "/var/lib/crater-agent-workspace/builds/worker-14/source:/opt/rustwide/workdir:ro,Z" "-v" "/var/lib/crater-agent-workspace/cargo-home:/opt/rustwide/cargo-home:ro,Z" "-v" "/var/lib/crater-agent-workspace/rustup-home:/opt/rustwide/rustup-home:ro,Z" "-e" "SOURCE_DIR=/opt/rustwide/workdir" "-e" "CARGO_TARGET_DIR=/opt/rustwide/target" "-e" "CARGO_INCREMENTAL=0" "-e" "RUST_BACKTRACE=full" "-e" "RUSTFLAGS=--cap-lints=forbid" "-e" "CARGO_HOME=/opt/rustwide/cargo-home" "-e" "RUSTUP_HOME=/opt/rustwide/rustup-home" "-w" "/opt/rustwide/workdir" "-m" "1610612736" "--user" "0:0" "--network" "none" "rustops/crates-build-env@sha256:d92eaeed33fa75130ca1ee6c8a01d1ffb62bac859dfdfb3450e3e5d1c0146529" "/opt/rustwide/cargo-home/bin/cargo" "+72f88fc4e9458f89516a0b8b0868f3718aec5b47" "check" "--frozen" "--all" "--all-targets" "--message-format=json", kill_on_drop: false }`
[INFO] [stdout] e480c8d3d2587be9eb30f18c6315da3fca538c004f4874fe75adc712a7c3775e
[INFO] [stderr] WARNING: Your kernel does not support swap limit capabilities or the cgroup is not mounted. Memory limited without swap.
[INFO] running `Command { std: "docker" "start" "-a" "e480c8d3d2587be9eb30f18c6315da3fca538c004f4874fe75adc712a7c3775e", kill_on_drop: false }`
[INFO] [stderr] warning: dependency (nanocurrency-peering) specified without providing a local path, Git repository, or version to use. This will be considered an error in future versions
[INFO] [stderr] warning: dependency (nanocurrency-types) specified without providing a local path, Git repository, or version to use. This will be considered an error in future versions
[INFO] [stderr]    Compiling autocfg v1.0.1
[INFO] [stderr]    Compiling libc v0.2.77
[INFO] [stderr]     Checking cfg-if v0.1.10
[INFO] [stderr]    Compiling typenum v1.12.0
[INFO] [stderr]    Compiling byteorder v1.3.4
[INFO] [stderr]     Checking lazy_static v1.4.0
[INFO] [stderr]    Compiling maybe-uninit v2.0.0
[INFO] [stderr]    Compiling log v0.4.11
[INFO] [stderr]    Compiling autocfg v0.1.7
[INFO] [stderr]    Compiling semver-parser v0.7.0
[INFO] [stderr]     Checking scopeguard v1.1.0
[INFO] [stderr]    Compiling cc v1.0.59
[INFO] [stderr]     Checking slab v0.4.2
[INFO] [stderr]    Compiling proc-macro2 v1.0.21
[INFO] [stderr]    Compiling rand_core v0.4.2
[INFO] [stderr]    Compiling subtle v2.3.0
[INFO] [stderr]    Compiling unicode-xid v0.2.1
[INFO] [stderr]    Compiling syn v1.0.40
[INFO] [stderr]    Compiling serde_derive v1.0.116
[INFO] [stderr]    Compiling serde v1.0.116
[INFO] [stderr]     Checking rustc-serialize v0.3.24
[INFO] [stderr]    Compiling memchr v2.3.3
[INFO] [stderr]     Checking failure v0.1.8
[INFO] [stderr]    Compiling bitflags v1.2.1
[INFO] [stderr]     Checking slab v0.3.0
[INFO] [stderr]     Checking quick-error v1.2.3
[INFO] [stderr]     Checking regex-syntax v0.6.18
[INFO] [stderr]     Checking constant_time_eq v0.1.5
[INFO] [stderr]     Checking unicode-width v0.1.8
[INFO] [stderr]     Checking vec_map v0.8.2
[INFO] [stderr]     Checking termcolor v1.1.0
[INFO] [stderr]     Checking rand_core v0.3.1
[INFO] [stderr]     Checking thread_local v1.0.1
[INFO] [stderr]     Checking lock_api v0.3.4
[INFO] [stderr]    Compiling semver v0.9.0
[INFO] [stderr]     Checking tokio-timer v0.1.2
[INFO] [stderr]     Checking humantime v1.3.0
[INFO] [stderr]     Checking textwrap v0.11.0
[INFO] [stderr]     Checking rand_xorshift v0.1.1
[INFO] [stderr]     Checking rand_isaac v0.1.1
[INFO] [stderr]     Checking rand_hc v0.1.0
[INFO] [stderr]    Compiling crossbeam-utils v0.7.2
[INFO] [stderr]    Compiling num-traits v0.2.12
[INFO] [stderr]    Compiling memoffset v0.5.5
[INFO] [stderr]    Compiling num-integer v0.1.43
[INFO] [stderr]    Compiling crossbeam-epoch v0.8.2
[INFO] [stderr]    Compiling rand_pcg v0.1.2
[INFO] [stderr]    Compiling rand_chacha v0.1.1
[INFO] [stderr]    Compiling rand v0.6.5
[INFO] [stderr]     Checking smallvec v0.6.13
[INFO] [stderr]    Compiling rustc_version v0.2.3
[INFO] [stderr]     Checking aho-corasick v0.7.13
[INFO] [stderr]    Compiling quote v1.0.7
[INFO] [stderr]    Compiling parking_lot_core v0.6.2
[INFO] [stderr]    Compiling parking_lot v0.9.0
[INFO] [stderr]     Checking iovec v0.1.4
[INFO] [stderr]     Checking num_cpus v1.13.0
[INFO] [stderr]     Checking net2 v0.2.35
[INFO] [stderr]     Checking rand_os v0.1.3
[INFO] [stderr]     Checking rand v0.4.6
[INFO] [stderr]     Checking atty v0.2.14
[INFO] [stderr]     Checking tokio-executor v0.1.10
[INFO] [stderr]     Checking crossbeam-queue v0.2.3
[INFO] [stderr]     Checking bytes v0.4.12
[INFO] [stderr]     Checking mio v0.6.22
[INFO] [stderr]     Checking clap v2.33.3
[INFO] [stderr]    Compiling clear_on_drop v0.2.4
[INFO] [stderr]     Checking tokio-current-thread v0.1.7
[INFO] [stderr]     Checking tokio-timer v0.2.13
[INFO] [stderr]     Checking generic-array v0.12.3
[INFO] [stderr]     Checking generic-array v0.9.0
[INFO] [stderr]     Checking crossbeam-deque v0.7.3
[INFO] [stderr]     Checking num-traits v0.1.43
[INFO] [stderr]     Checking tokio-io v0.1.13
[INFO] [stderr]     Checking crypto-mac v0.5.2
[INFO] [stderr]     Checking digest v0.7.6
[INFO] [stderr]     Checking tokio-threadpool v0.1.18
[INFO] [stderr]     Checking digest v0.8.1
[INFO] [stderr]     Checking crypto-mac v0.7.0
[INFO] [stderr]     Checking blake2 v0.7.1
[INFO] [stderr]     Checking mio-uds v0.6.8
[INFO] [stderr]     Checking blake2 v0.8.1
[INFO] [stderr]     Checking num-bigint v0.1.44
[INFO] [stderr]    Compiling curve25519-dalek v1.2.4
[INFO] [stderr]     Checking tokio-reactor v0.1.12
[INFO] [stderr]     Checking tokio-codec v0.1.2
[INFO] [stderr]     Checking tokio-fs v0.1.7
[INFO] [stderr]     Checking regex v1.3.9
[INFO] [stderr]     Checking tokio-uds v0.2.7
[INFO] [stderr]     Checking tokio-tcp v0.1.4
[INFO] [stderr]     Checking tokio-udp v0.1.6
[INFO] [stderr]     Checking tokio v0.1.22
[INFO] [stderr]     Checking env_logger v0.5.13
[INFO] [stderr]     Checking ed25519-dalek v0.9.1
[INFO] [stderr]     Checking nanocurrency-types v0.3.19
[INFO] [stderr]     Checking nanocurrency-types v0.4.0
[INFO] [stderr]     Checking nanocurrency-protocol v0.5.1
[INFO] [stderr]     Checking nanocurrency-peering v0.6.0
[INFO] [stderr]     Checking railroad v0.1.0 (/opt/rustwide/workdir)
[INFO] [stdout] warning: trait objects without an explicit `dyn` are deprecated
[INFO] [stdout]   --> src/node.rs:18:37
[INFO] [stdout]    |
[INFO] [stdout] 18 | pub fn run(conf: NodeConfig) -> Box<Future<Item = (), Error = ()>> {
[INFO] [stdout]    |                                     ^^^^^^^^^^^^^^^^^^^^^^^^^^^^^ help: use `dyn`: `dyn Future<Item = (), Error = ()>`
[INFO] [stdout]    |
[INFO] [stdout]    = note: `#[warn(bare_trait_objects)]` on by default
[INFO] [stdout] 
[INFO] [stdout] 
[INFO] [stdout] error[E0308]: mismatched types
[INFO] [stdout]   --> src/node.rs:37:37
[INFO] [stdout]    |
[INFO] [stdout] 23 |             match message {
[INFO] [stdout]    |                   ------- this expression has type `nanocurrency_protocol::Message`
[INFO] [stdout] ...
[INFO] [stdout] 37 |                 Message::ConfirmAck(Vote { block, .. }) => {
[INFO] [stdout]    |                                     ^^^^^^^^^^^^^^^^^^ expected struct `nanocurrency_types::Vote`, found a different struct `nanocurrency_types::Vote`
[INFO] [stdout]    |
[INFO] [stdout]    = note: perhaps two different versions of crate `nanocurrency_types` are being used?
[INFO] [stdout] 
[INFO] [stdout] 
[INFO] [stdout] error[E0026]: struct `nanocurrency_types::Vote` does not have a field named `block`
[INFO] [stdout]   --> src/node.rs:37:44
[INFO] [stdout]    |
[INFO] [stdout] 37 |                 Message::ConfirmAck(Vote { block, .. }) => {
[INFO] [stdout]    |                                            ^^^^^ struct `nanocurrency_types::Vote` does not have this field
[INFO] [stdout] 
[INFO] [stdout] 
[INFO] [stdout] warning: trait objects without an explicit `dyn` are deprecated
[INFO] [stdout]   --> src/node.rs:18:37
[INFO] [stdout]    |
[INFO] [stdout] 18 | pub fn run(conf: NodeConfig) -> Box<Future<Item = (), Error = ()>> {
[INFO] [stdout]    |                                     ^^^^^^^^^^^^^^^^^^^^^^^^^^^^^ help: use `dyn`: `dyn Future<Item = (), Error = ()>`
[INFO] [stdout]    |
[INFO] [stdout]    = note: `#[warn(bare_trait_objects)]` on by default
[INFO] [stdout] 
[INFO] [stdout] 
[INFO] [stdout] error[E0308]: mismatched types
[INFO] [stdout]   --> src/node.rs:37:37
[INFO] [stdout]    |
[INFO] [stdout] 23 |             match message {
[INFO] [stdout]    |                   ------- this expression has type `nanocurrency_protocol::Message`
[INFO] [stdout] ...
[INFO] [stdout] 37 |                 Message::ConfirmAck(Vote { block, .. }) => {
[INFO] [stdout]    |                                     ^^^^^^^^^^^^^^^^^^ expected struct `nanocurrency_types::Vote`, found a different struct `nanocurrency_types::Vote`
[INFO] [stdout]    |
[INFO] [stdout]    = note: perhaps two different versions of crate `nanocurrency_types` are being used?
[INFO] [stdout] 
[INFO] [stdout] 
[INFO] [stdout] error[E0026]: struct `nanocurrency_types::Vote` does not have a field named `block`
[INFO] [stdout]   --> src/node.rs:37:44
[INFO] [stdout]    |
[INFO] [stdout] 37 |                 Message::ConfirmAck(Vote { block, .. }) => {
[INFO] [stdout]    |                                            ^^^^^ struct `nanocurrency_types::Vote` does not have this field
[INFO] [stdout] 
[INFO] [stdout] 
[INFO] [stdout] error[E0308]: mismatched types
[INFO] [stdout]   --> src/node.rs:27:41
[INFO] [stdout]    |
[INFO] [stdout] 27 |                     if block.work_valid(network) {
[INFO] [stdout]    |                                         ^^^^^^^ expected enum `nanocurrency_types::Network`, found a different enum `nanocurrency_types::Network`
[INFO] [stdout]    |
[INFO] [stdout]    = note: perhaps two different versions of crate `nanocurrency_types` are being used?
[INFO] [stdout] 
[INFO] [stdout] 
[INFO] [stdout] error[E0308]: mismatched types
[INFO] [stdout]   --> src/node.rs:51:18
[INFO] [stdout]    |
[INFO] [stdout] 51 |         .network(conf.network)
[INFO] [stdout]    |                  ^^^^^^^^^^^^ expected enum `nanocurrency_types::Network`, found a different enum `nanocurrency_types::Network`
[INFO] [stdout]    |
[INFO] [stdout]    = note: perhaps two different versions of crate `nanocurrency_types` are being used?
[INFO] [stdout] 
[INFO] [stdout] 
[INFO] [stdout] error: aborting due to 4 previous errors; 1 warning emitted
[INFO] [stdout] 
[INFO] [stdout] 
[INFO] [stdout] Some errors have detailed explanations: E0026, E0308.
[INFO] [stdout] 
[INFO] [stdout] For more information about an error, try `rustc --explain E0026`.
[INFO] [stdout] 
[INFO] [stderr] error: could not compile `railroad`.
[INFO] [stderr] 
[INFO] [stderr] To learn more, run the command again with --verbose.
[INFO] [stderr] warning: build failed, waiting for other jobs to finish...
[INFO] [stdout] error[E0308]: mismatched types
[INFO] [stdout]   --> src/node.rs:27:41
[INFO] [stdout]    |
[INFO] [stdout] 27 |                     if block.work_valid(network) {
[INFO] [stdout]    |                                         ^^^^^^^ expected enum `nanocurrency_types::Network`, found a different enum `nanocurrency_types::Network`
[INFO] [stdout]    |
[INFO] [stdout]    = note: perhaps two different versions of crate `nanocurrency_types` are being used?
[INFO] [stdout] 
[INFO] [stdout] 
[INFO] [stdout] error[E0308]: mismatched types
[INFO] [stdout]   --> src/node.rs:51:18
[INFO] [stdout]    |
[INFO] [stdout] 51 |         .network(conf.network)
[INFO] [stdout]    |                  ^^^^^^^^^^^^ expected enum `nanocurrency_types::Network`, found a different enum `nanocurrency_types::Network`
[INFO] [stdout]    |
[INFO] [stdout]    = note: perhaps two different versions of crate `nanocurrency_types` are being used?
[INFO] [stdout] 
[INFO] [stdout] 
[INFO] [stdout] error: aborting due to 4 previous errors; 1 warning emitted
[INFO] [stdout] 
[INFO] [stdout] 
[INFO] [stdout] Some errors have detailed explanations: E0026, E0308.
[INFO] [stdout] 
[INFO] [stdout] For more information about an error, try `rustc --explain E0026`.
[INFO] [stdout] 
[INFO] [stderr] error: build failed
[INFO] running `Command { std: "docker" "inspect" "e480c8d3d2587be9eb30f18c6315da3fca538c004f4874fe75adc712a7c3775e", kill_on_drop: false }`
[INFO] running `Command { std: "docker" "rm" "-f" "e480c8d3d2587be9eb30f18c6315da3fca538c004f4874fe75adc712a7c3775e", kill_on_drop: false }`
[INFO] [stdout] e480c8d3d2587be9eb30f18c6315da3fca538c004f4874fe75adc712a7c3775e
